{"id":464,"date":"2023-10-27T19:02:03","date_gmt":"2023-10-27T22:02:03","guid":{"rendered":"https:\/\/madinteriores.com.py\/?post_type=product&#038;p=464"},"modified":"2024-05-17T15:06:15","modified_gmt":"2024-05-17T19:06:15","slug":"cabecera-soltero-con-mesa-de-luz-havana-plus-3","status":"publish","type":"product","link":"https:\/\/madinteriores.com.py\/index.php\/product\/cabecera-soltero-con-mesa-de-luz-havana-plus-3\/","title":{"rendered":"Cabecera Soltero con Mesa de Luz Havana Plus"},"content":{"rendered":"<ul>\n<li>104,5 cm de altura, 148 cm de largo, 38,7 cm profundidad<\/li>\n<li>Medida del colch\u00f3n 0,88 y 1,00 m<\/li>\n<li>Tiradores de ABS<\/li>\n<li>1 caj\u00f3n con gu\u00edas met\u00e1licas<\/li>\n<li>Detalles en la cabecera<\/li>\n<li>Estructura en 12 y 15 mm<\/li>\n<\/ul>\n","protected":false},"excerpt":{"rendered":"<p>Cabecera soltero con mesa de luz<\/p>\n<p>Color Saara<\/p>\n","protected":false},"featured_media":576,"template":"","meta":{"_themeisle_gutenberg_block_has_review":false,"_joinchat":[]},"product_cat":[32,26],"product_tag":[],"jetpack_sharing_enabled":true,"jetpack-related-posts":[],"_links":{"self":[{"href":"https:\/\/madinteriores.com.py\/index.php\/wp-json\/wp\/v2\/product\/464"}],"collection":[{"href":"https:\/\/madinteriores.com.py\/index.php\/wp-json\/wp\/v2\/product"}],"about":[{"href":"https:\/\/madinteriores.com.py\/index.php\/wp-json\/wp\/v2\/types\/product"}],"wp:featuredmedia":[{"embeddable":true,"href":"https:\/\/madinteriores.com.py\/index.php\/wp-json\/wp\/v2\/media\/576"}],"wp:attachment":[{"href":"https:\/\/madinteriores.com.py\/index.php\/wp-json\/wp\/v2\/media?parent=464"}],"wp:term":[{"taxonomy":"product_cat","embeddable":true,"href":"https:\/\/madinteriores.com.py\/index.php\/wp-json\/wp\/v2\/product_cat?post=464"},{"taxonomy":"product_tag","embeddable":true,"href":"https:\/\/madinteriores.com.py\/index.php\/wp-json\/wp\/v2\/product_tag?post=464"}],"curies":[{"name":"wp","href":"https:\/\/api.w.org\/{rel}","templated":true}]}}

<ul>
<li>104,5 cm de altura, 148 cm de largo, 38,7 cm profundidad</li>
<li>Medida del colchón 0,88 y 1,00 m</li>
<li>Tiradores de ABS</li>
<li>1 cajón con guías metálicas</li>
<li>Detalles en la cabecera</li>
<li>Estructura en 12 y 15 mm</li>
</ul>
